). Calculate the highest common factor of 55 and o.
5
Let f(s) = -s + 25. Let q = -8 + -4. Let l be ((-1)/2)/(q/312). Let a be f(l). Calculate the greatest common factor of 12 and a.
12
Let p = -3816 + 3893. Let r = -15 + 22. Calculate the highest common factor of p and r.
7
Suppose -3*w + 176 = w. Suppose -11*x + 12*x = 0. Suppose 3*n + 4*v - w = x, -4*v = -2*n - 0*n + 16. What is the highest common divisor of n and 8?
4
Let w(o) = o**3 - 13*o**2 - 12*o - 21. Let q be w(14). Suppose -z + 3 = 2*z. Calculate the greatest common factor of q and z.
1
Suppose 0 = -0*j + 2*j - 36. Let y be (3 - (-6 + 2)) + -4. Suppose -4*w = -39 + y. Calculate the greatest common divisor of j and w.
9
Let y = 185 - 147. Calculate the greatest common divisor of 2 and y.
2
Let l be (-2 - -5)/(-1) + 165. Suppose 0 = -0*m - 3*m + 66. Suppose 0*k = -y - 2*k + m, -4*y + 70 = -k. What is the highest common factor of y and l?
18
Suppose -4*r + 2*d = -18, 5*r - d = -6 + 21. Let c be 4/(-2 - 2) + r. Calculate the highest common divisor of c and 3.
1
Suppose 2*a - 10 = 0, q = 7*a - 3*a + 70. Suppose -5*f - 5*d = -5, f + 8 = 2*d - 0. Let z be 35 + 2*(-1)/f. Calculate the greatest common factor of q and z.
18
Let r(i) = 28*i**2 - 21*i + 60. Let z be r(4). Calculate the greatest common divisor of z and 106.
106
Let h be -12*2/(-28)*(-14)/(-4). Suppose h*y - 249 = -2*r + 121, 4*y + 2*r = 496. What is the greatest common factor of 28 and y?
14
Let h(b) = 8*b**2 - 304*b + 48. Let l be h(40). What is the highest common divisor of l and 16?
16
Let q(f) = f**2 - 51*f + 109. Let t be q(49). What is the highest common divisor of t and 20?
1
Let s = 22 - 31. Let x(u) = u**2 + 7*u + 6. Let n be x(s). Let l = n + -18. Calculate the greatest common factor of l and 3.
3
Let m = -2063 + 2145. What is the highest common factor of m and 205?
41
Let n(d) be the second derivative of 3/2*d**2 + 0 + 4/3*d**3 + 5*d + 5/12*d**4. Let b be n(-6). Calculate the highest common divisor of b and 15.
15
Let n be (29 - 15) + (-3)/((-6)/4). Suppose -m + o + 67 = 2*o, 5*m - 305 = 5*o. Calculate the highest common factor of m and n.
16
Let c(a) = -53*a + 439. Let k be c(5). Calculate the greatest common divisor of k and 638.
58
Let v be (2/4)/(12/24). Let m be -2 - -2 - (v - 23). What is the highest common factor of 2 and m?
2
Let c(w) = -w**2 + 5*w + 2. Let m be c(5). Suppose -m*v = -v - 28. Let u(z) = z + 16. Let a be u(-2). Calculate the highest common factor of v and a.
14
Let x be (-24)/20 + (1128/15 - -4). What is the greatest common divisor of x and 520?
26
Suppose 13*a - 318 = 72. What is the greatest common factor of 410 and a?
10
Let p be (9/(-1))/(1/(-10)). Suppose 0 = 3*f - 4*j, -5*j = -2*f - 2*j. Suppose -6*l + 7*l - p = f. Calculate the highest common factor of l and 10.
10
Let u(z) = -z**3 - 11*z**2 - 32*z + 30. Let g be u(-6). Let k be 4 - 0 - (-1 + -1). What is the greatest common divisor of k and g?
6
Let z(s) = -s**3 + 7*s**2 + 8*s + 5. Let c be z(8). Calculate the highest common factor of c and 305.
5
Suppose 3*x - 160 = -31. What is the highest common divisor of x and 559?
43
Let n = 116 + -61. Suppose 7 = -3*d + n. Calculate the greatest common divisor of 2 and d.
2
Let y(f) = 120*f. Let v be y(1). Suppose -t + v = 2*t. Let b = -19 + t. Calculate the highest common divisor of 231 and b.
21
Suppose 3*g - 19 + 4 = 0. Suppose 68 = g*a - 32. Calculate the greatest common factor of 220 and a.
20
Let y(s) = s**3 + 4*s**2 + 4*s + 3. Let l be y(-2). Suppose 8*v = l*v + 135. Suppose -25*c - 260 = -v*c. What is the highest common factor of 26 and c?
26
Let c be ((-2)/(-4))/(2/4). Suppose 0 = 12*v - 11*v - 11. Calculate the highest common divisor of c and v.
1
Suppose 28*w - 4*i - 2212 = 26*w, -5*w - 5*i + 5605 = 0. Calculate the highest common divisor of 4 and w.
4
Let q be ((-20)/(-6) - 3)*381. Suppose -4*k + 321 = -q. What is the highest common divisor of k and 16?
16
Let d be ((-18)/24)/((-1)/4). Suppose -2*j + 9 - d = 0. Calculate the highest common factor of j and 15.
3
Let k be 3 + 60/5 + 2. Suppose 7*d - k - 39 = 0. Let p = -129 + 193. Calculate the greatest common factor of d and p.
8
Suppose 2*p + 4 - 9 = -3*a, 0 = -5*p + 20. Let s = a + 6. Suppose s*w - 42 = -h, h - 5 = 5*w + 7. Calculate the greatest common divisor of 9 and h.
9
Suppose 5*w = -5, -5*w = -5*a - 10*w - 260. Let t = a - -87. What is the greatest common divisor of 4 and t?
4
Let q be 0 - (1 - (3 + -32)). Let t be 10/q - 167/3. Let f be (-2)/(-8) - 882/t. Calculate the greatest common factor of 64 and f.
16
Let m(c) = c**3 - c**2 + 2*c - 4. Let h be m(3). Suppose -h = 4*o - 84. Calculate the greatest common divisor of o and 4.
4
Let m be 1 + 1 + 180/(12 - 11). What is the greatest common divisor of m and 98?
14
Let j be ((-120)/(-18))/((-2)/(-6)). Let u be ((-520)/(-39))/(4/294). Suppose -2*o = -9*o + u. Calculate the highest common factor of j and o.
20
Suppose 12*z - 34*z + 110 = 0. Let c be 10/2*4/10. Let x be (25/(-2))/((-1)/c). Calculate the greatest common divisor of z and x.
5
Let j = -23 + 227. What is the greatest common factor of 12 and j?
12
Suppose -4*l + l = -129. Suppose -2 - l = -3*p. Let k = 3258 - 3252. Calculate the greatest common divisor of p and k.
3
Suppose -4*g + 9*g = 370. Suppose -20 = -f - 0*m + m, 0 = 4*f + 2*m - g. What is the highest common factor of 95 and f?
19
Suppose 5*l + 7 + 8 = 0. Let m(r) = -82*r + 1. Let d be m(l). Suppose 31 = -2*w + d. Calculate the greatest common factor of 12 and w.
12
Suppose 131 - 35 = 2*c. Calculate the greatest common factor of 768 and c.
48
Suppose 27*c = 49*c - 29*c + 490. Suppose 2*o + 5*k = 95, -5*k + 40 = o - 4*k. Calculate the greatest common divisor of c and o.
35
Suppose -9*f = -13 + 4. Calculate the highest common divisor of f and 1.
1
Let w be (-1162)/249*3/(-1 - 0). Calculate the greatest common divisor of w and 77.
7
Let v = 76 - 66. Let r be 10/6*(39/3 + -1). Calculate the highest common divisor of v and r.
10
Let x(f) = 8*f**2 + 2*f - 2. Let o be x(-2). Let c(z) = 104*z. Let v = -19 - -20. Let h be c(v). What is the highest common factor of h and o?
26
Let f(k) = -3*k - 2. Let l(t) = 4*t + 1. Let s(r) = -3*f(r) - 2*l(r). Suppose m = 2*m - 9*m. Let b be s(m). Calculate the greatest common factor of b and 40.
4
Let c(p) = 313*p - 288. Let o be c(1). Suppose 5*w - 309 - 316 = 0. Calculate the highest common factor of w and o.
25
Suppose 3*n + 3 = 5*a - 102, -29 = -3*a - 5*n. Suppose 2*m - 8 + 2 = 0. Suppose -m*d = -0*d - 6. What is the highest common divisor of a and d?
2
Let u = -5 - -4. Let s be 22*(10/(-20) - 2*u). What is the highest common factor of 297 and s?
33
Let c(d) = 46*d - 564. Let t be c(18). Calculate the greatest common divisor of 1408 and t.
88
Let w = -11 - -15. Suppose 18 = -3*i + w*i. Let f = i - 5. What is the greatest common divisor of f and 117?
13
Suppose 12*n = 9*n + 255. Suppose -5*r + 64 = 3*g - 0*r, -5*g - 4*r = -n. Calculate the greatest common factor of 52 and g.
13
Let m be (8/(-6))/((-12)/54*2). Let i be 3 - (-65 + m - 1). Calculate the highest common factor of 44 and i.
22
Let f be -7*(-1 + 26/14). Let q = -2 - f. Suppose -y = -6*y + q*w + 279, -5*y + 270 = 5*w. What is the greatest common factor of 5 and y?
5
Suppose 0 = -h - 5*j + 10, -2*j = -3*h - 4*j + 43. Let t(z) = -5*z**3 - 3*z - 1. Let l be t(-2). What is the highest common factor of h and l?
15
Let m(d) = 4*d**2 - 6*d - 12. Let w be m(6). Let z be 1/(-1*3/(-48)). Calculate the highest common factor of w and z.
16
Let g = -511 - -554. What is the greatest common factor of g and 1849?
43
Let q be (0 - -1)*11/(33/9). Suppose 0 = -4*t + 11 - q. What is the greatest common factor of 14 and t?
2
Let s = 77 + -264. Let k = -167 - s. What is the greatest common factor of 8 and k?
4
Let h be (651/(-124))/((-2)/152). What is the highest common factor of h and 21?
21
Let d(p) = 2*p + 15*p + 14 - 8 - 3*p. Let k(r) = -3*r - 1. Let c(h) = -2*d(h) - 11*k(h). Let m be c(3). Calculate the greatest common factor of 154 and m.
14
Let j(h) = 3*h**2 - 161*h - 94. Let m be j(55). What is the highest common factor of m and 3?
3
Let z(h) = -8*h - 14. Let d(k) = 15*k + 29. Let s(a) = 3*d(a) + 5*z(a). Let l be s(7). What is the highest common divisor of l and 208?
52
Let o = -31 - -2